{"id":78,"date":"2025-03-28T18:36:22","date_gmt":"2025-03-28T18:36:22","guid":{"rendered":"https:\/\/www.domyilasy.pl\/?page_id=78"},"modified":"2025-12-22T14:12:15","modified_gmt":"2025-12-22T14:12:15","slug":"drewniana","status":"publish","type":"page","link":"https:\/\/mocnydom.pl\/index.php\/drewniana\/","title":{"rendered":"DREWNIANA"},"content":{"rendered":"\t\t<div data-elementor-type=\"wp-page\" data-elementor-id=\"78\" class=\"elementor elementor-78\" data-elementor-post-type=\"page\">\n\t\t\t\t<div class=\"elementor-element elementor-element-159c2ad e-flex e-con-boxed e-con e-parent\" data-id=\"159c2ad\" data-element_type=\"container\" data-e-type=\"container\" data-settings=\"{&quot;background_background&quot;:&quot;classic&quot;}\">\n\t\t\t\t\t<div class=\"e-con-inner\">\n\t\t<div class=\"elementor-element elementor-element-841e7b8 e-con-full e-flex e-con e-child\" data-id=\"841e7b8\" data-element_type=\"container\" data-e-type=\"container\">\n\t\t\t\t<div class=\"elementor-element elementor-element-5c4e2c8 elementor-invisible elementor-widget elementor-widget-heading\" data-id=\"5c4e2c8\" data-element_type=\"widget\" data-e-type=\"widget\" data-settings=\"{&quot;_animation&quot;:&quot;fadeInLeft&quot;}\" data-widget_type=\"heading.default\">\n\t\t\t\t<div class=\"elementor-widget-container\">\n\t\t\t\t\t<h2 class=\"elementor-heading-title elementor-size-default\">Drewno C24 - kt\u00f3re przetrwa pokolenia<\/h2>\t\t\t\t<\/div>\n\t\t\t\t<\/div>\n\t\t\t\t<div class=\"elementor-element elementor-element-57353e6 elementor-widget elementor-widget-text-editor\" data-id=\"57353e6\" data-element_type=\"widget\" data-e-type=\"widget\" data-widget_type=\"text-editor.default\">\n\t\t\t\t<div class=\"elementor-widget-container\">\n\t\t\t\t\t\t\t\t\t<p data-start=\"145\" data-end=\"266\">W naszych realizacjach wykorzystujemy wy\u0142\u0105cznie\u00a0<strong data-start=\"193\" data-end=\"244\">drewno skandynawskie o klasie wytrzyma\u0142o\u015bci C24<\/strong>. Dlaczego w\u0142a\u015bnie to?<\/p><p data-start=\"268\" data-end=\"611\">Drewno klasy C24 pochodzi z ch\u0142odnych region\u00f3w Skandynawii, gdzie drzewa rosn\u0105 wolniej, co przek\u0142ada si\u0119 na ich\u00a0<strong data-start=\"380\" data-end=\"422\">wi\u0119ksz\u0105 g\u0119sto\u015b\u0107, stabilno\u015b\u0107 i trwa\u0142o\u015b\u0107<\/strong>. To drewno jest\u00a0<strong data-start=\"439\" data-end=\"473\">selekcjonowane i certyfikowane<\/strong>, co oznacza, \u017ce spe\u0142nia rygorystyczne normy dotycz\u0105ce wytrzyma\u0142o\u015bci mechanicznej \u2013 idealne do konstrukcji no\u015bnych w domach szkieletowych.<\/p><p data-start=\"613\" data-end=\"639\">Wybieraj\u0105c C24, zyskujesz:<\/p><ul data-start=\"640\" data-end=\"874\"><li data-start=\"640\" data-end=\"735\"><p data-start=\"642\" data-end=\"735\"><strong data-start=\"642\" data-end=\"672\">bezpiecze\u0144stwo konstrukcji<\/strong>\u00a0\u2013 drewno nie p\u0119ka, nie wygina si\u0119, jest odporne na obci\u0105\u017cenia,<\/p><\/li><li data-start=\"736\" data-end=\"802\"><p data-start=\"738\" data-end=\"802\"><strong data-start=\"738\" data-end=\"759\">energooszcz\u0119dno\u015b\u0107<\/strong>\u00a0\u2013 lepsze parametry izolacyjne konstrukcji,<\/p><\/li><li data-start=\"803\" data-end=\"874\"><p data-start=\"805\" data-end=\"874\"><strong data-start=\"805\" data-end=\"825\">trwa\u0142o\u015b\u0107 na lata<\/strong>\u00a0\u2013 idealne nawet w trudnych warunkach pogodowych.<\/p><\/li><\/ul><p data-start=\"876\" data-end=\"961\">To nie tylko materia\u0142 \u2013 to\u00a0<strong data-start=\"903\" data-end=\"960\">fundament nowoczesnego, ekologicznego i trwa\u0142ego domu<\/strong><\/p>\t\t\t\t\t\t\t\t<\/div>\n\t\t\t\t<\/div>\n\t\t\t\t<\/div>\n\t\t<div class=\"elementor-element elementor-element-74c0ed9 e-con-full e-grid elementor-invisible e-con e-child\" data-id=\"74c0ed9\" data-element_type=\"container\" data-e-type=\"container\" data-settings=\"{&quot;animation&quot;:&quot;fadeInRight&quot;}\">\n\t\t\t\t<div class=\"elementor-element elementor-element-2f8851b elementor-widget elementor-widget-image\" data-id=\"2f8851b\" data-element_type=\"widget\" data-e-type=\"widget\" data-widget_type=\"image.default\">\n\t\t\t\t<div class=\"elementor-widget-container\">\n\t\t\t\t\t\t\t\t\t\t\t\t\t\t\t<img fetchpriority=\"high\" decoding=\"async\" width=\"576\" height=\"1024\" src=\"https:\/\/mocnydom.pl\/wp-content\/uploads\/2025\/07\/krepa-sciana-576x1024.jpg\" class=\"attachment-large size-large wp-image-1012\" alt=\"\" srcset=\"https:\/\/mocnydom.pl\/wp-content\/uploads\/2025\/07\/krepa-sciana-576x1024.jpg 576w, https:\/\/mocnydom.pl\/wp-content\/uploads\/2025\/07\/krepa-sciana-169x300.jpg 169w, https:\/\/mocnydom.pl\/wp-content\/uploads\/2025\/07\/krepa-sciana-768x1365.jpg 768w, https:\/\/mocnydom.pl\/wp-content\/uploads\/2025\/07\/krepa-sciana-864x1536.jpg 864w, https:\/\/mocnydom.pl\/wp-content\/uploads\/2025\/07\/krepa-sciana.jpg 900w\" sizes=\"(max-width: 576px) 100vw, 576px\" \/>\t\t\t\t\t\t\t\t\t\t\t\t\t\t\t<\/div>\n\t\t\t\t<\/div>\n\t\t\t\t<div class=\"elementor-element elementor-element-1399ed6 elementor-widget elementor-widget-image\" data-id=\"1399ed6\" data-element_type=\"widget\" data-e-type=\"widget\" data-widget_type=\"image.default\">\n\t\t\t\t<div class=\"elementor-widget-container\">\n\t\t\t\t\t\t\t\t\t\t\t\t\t\t\t<img decoding=\"async\" width=\"576\" height=\"1024\" src=\"https:\/\/mocnydom.pl\/wp-content\/uploads\/2025\/07\/daniel-drewno-576x1024.jpg\" class=\"attachment-large size-large wp-image-1010\" alt=\"\" srcset=\"https:\/\/mocnydom.pl\/wp-content\/uploads\/2025\/07\/daniel-drewno-576x1024.jpg 576w, https:\/\/mocnydom.pl\/wp-content\/uploads\/2025\/07\/daniel-drewno-169x300.jpg 169w, https:\/\/mocnydom.pl\/wp-content\/uploads\/2025\/07\/daniel-drewno-768x1365.jpg 768w, https:\/\/mocnydom.pl\/wp-content\/uploads\/2025\/07\/daniel-drewno-864x1536.jpg 864w, https:\/\/mocnydom.pl\/wp-content\/uploads\/2025\/07\/daniel-drewno.jpg 1148w\" sizes=\"(max-width: 576px) 100vw, 576px\" \/>\t\t\t\t\t\t\t\t\t\t\t\t\t\t\t<\/div>\n\t\t\t\t<\/div>\n\t\t\t\t<div class=\"elementor-element elementor-element-4c534f7 elementor-widget elementor-widget-image\" data-id=\"4c534f7\" data-element_type=\"widget\" data-e-type=\"widget\" data-widget_type=\"image.default\">\n\t\t\t\t<div class=\"elementor-widget-container\">\n\t\t\t\t\t\t\t\t\t\t\t\t\t\t\t<img decoding=\"async\" width=\"576\" height=\"1024\" src=\"https:\/\/mocnydom.pl\/wp-content\/uploads\/2025\/07\/sciana-krepa-2-576x1024.jpg\" class=\"attachment-large size-large wp-image-1011\" alt=\"\" srcset=\"https:\/\/mocnydom.pl\/wp-content\/uploads\/2025\/07\/sciana-krepa-2-576x1024.jpg 576w, https:\/\/mocnydom.pl\/wp-content\/uploads\/2025\/07\/sciana-krepa-2-169x300.jpg 169w, https:\/\/mocnydom.pl\/wp-content\/uploads\/2025\/07\/sciana-krepa-2-768x1365.jpg 768w, https:\/\/mocnydom.pl\/wp-content\/uploads\/2025\/07\/sciana-krepa-2-864x1536.jpg 864w, https:\/\/mocnydom.pl\/wp-content\/uploads\/2025\/07\/sciana-krepa-2.jpg 1148w\" sizes=\"(max-width: 576px) 100vw, 576px\" \/>\t\t\t\t\t\t\t\t\t\t\t\t\t\t\t<\/div>\n\t\t\t\t<\/div>\n\t\t\t\t<div class=\"elementor-element elementor-element-023db3e elementor-widget elementor-widget-image\" data-id=\"023db3e\" data-element_type=\"widget\" data-e-type=\"widget\" data-widget_type=\"image.default\">\n\t\t\t\t<div class=\"elementor-widget-container\">\n\t\t\t\t\t\t\t\t\t\t\t\t\t\t\t<img loading=\"lazy\" decoding=\"async\" width=\"799\" height=\"926\" src=\"https:\/\/mocnydom.pl\/wp-content\/uploads\/2025\/07\/drewno.webp\" class=\"attachment-large size-large wp-image-992\" alt=\"\" srcset=\"https:\/\/mocnydom.pl\/wp-content\/uploads\/2025\/07\/drewno.webp 799w, https:\/\/mocnydom.pl\/wp-content\/uploads\/2025\/07\/drewno-259x300.webp 259w, https:\/\/mocnydom.pl\/wp-content\/uploads\/2025\/07\/drewno-768x890.webp 768w\" sizes=\"(max-width: 799px) 100vw, 799px\" \/>\t\t\t\t\t\t\t\t\t\t\t\t\t\t\t<\/div>\n\t\t\t\t<\/div>\n\t\t\t\t<\/div>\n\t\t\t\t\t<\/div>\n\t\t\t\t<\/div>\n\t\t<div class=\"elementor-element elementor-element-3e4efb4 e-flex e-con-boxed e-con e-parent\" data-id=\"3e4efb4\" data-element_type=\"container\" data-e-type=\"container\" data-settings=\"{&quot;background_background&quot;:&quot;classic&quot;}\">\n\t\t\t\t\t<div class=\"e-con-inner\">\n\t\t<div class=\"elementor-element elementor-element-456cb09 e-con-full e-flex e-con e-child\" data-id=\"456cb09\" data-element_type=\"container\" data-e-type=\"container\">\n\t\t\t\t<div class=\"elementor-element elementor-element-5229622 elementor-invisible elementor-widget elementor-widget-heading\" data-id=\"5229622\" data-element_type=\"widget\" data-e-type=\"widget\" data-settings=\"{&quot;_animation&quot;:&quot;fadeInLeft&quot;}\" data-widget_type=\"heading.default\">\n\t\t\t\t<div class=\"elementor-widget-container\">\n\t\t\t\t\t<h2 class=\"elementor-heading-title elementor-size-default\">Siniat Defendex \/ Agepan DWD Protect \u2013 solidna tarcza Twojego domu<\/h2>\t\t\t\t<\/div>\n\t\t\t\t<\/div>\n\t\t\t\t<div class=\"elementor-element elementor-element-e403b48 elementor-widget elementor-widget-text-editor\" data-id=\"e403b48\" data-element_type=\"widget\" data-e-type=\"widget\" data-widget_type=\"text-editor.default\">\n\t\t\t\t<div class=\"elementor-widget-container\">\n\t\t\t\t\t\t\t\t\t<p data-start=\"210\" data-end=\"460\">Nowoczesne poszycie zewn\u0119trzne, stworzone z my\u015bl\u0105 o&nbsp;<strong data-start=\"287\" data-end=\"350\">trwa\u0142o\u015bci, odporno\u015bci i bezpiecze\u0144stwie dom\u00f3w szkieletowych<\/strong>. Jest ognioodporna, odporna na wilgo\u0107, grzyby i uszkodzenia mechaniczne.<\/p>\n<p data-start=\"462\" data-end=\"646\">Dzi\u0119ki specjalnej technologii stanowi&nbsp;<strong data-start=\"509\" data-end=\"551\">sztywn\u0105 i wytrzyma\u0142\u0105 baz\u0119 pod elewacj\u0119<\/strong>, chroni\u0105c konstrukcj\u0119 przed warunkami atmosferycznymi i zapewniaj\u0105c stabilno\u015b\u0107 ca\u0142ego budynku.<\/p>\n<p data-start=\"648\" data-end=\"776\">To najlepszy wyb\u00f3r, je\u015bli chcesz mie\u0107 pewno\u015b\u0107, \u017ce Tw\u00f3j dom b\u0119dzie&nbsp;<strong data-start=\"714\" data-end=\"775\">mocny, trwa\u0142y i dobrze zabezpieczony \u2013 od samego pocz\u0105tku<\/strong>.<\/p>\t\t\t\t\t\t\t\t<\/div>\n\t\t\t\t<\/div>\n\t\t\t\t<\/div>\n\t\t<div class=\"elementor-element elementor-element-7061b21 e-con-full e-flex elementor-invisible e-con e-child\" data-id=\"7061b21\" data-element_type=\"container\" data-e-type=\"container\" data-settings=\"{&quot;animation&quot;:&quot;fadeInRight&quot;}\">\n\t\t\t\t<div class=\"elementor-element elementor-element-509431d elementor-widget elementor-widget-image\" data-id=\"509431d\" data-element_type=\"widget\" data-e-type=\"widget\" data-widget_type=\"image.default\">\n\t\t\t\t<div class=\"elementor-widget-container\">\n\t\t\t\t\t\t\t\t\t\t\t\t\t\t\t<img loading=\"lazy\" decoding=\"async\" width=\"768\" height=\"1365\" src=\"https:\/\/mocnydom.pl\/wp-content\/uploads\/2025\/07\/siniat-defendex-2-768x1365.jpg\" class=\"attachment-medium_large size-medium_large wp-image-1016\" alt=\"\" srcset=\"https:\/\/mocnydom.pl\/wp-content\/uploads\/2025\/07\/siniat-defendex-2-768x1365.jpg 768w, https:\/\/mocnydom.pl\/wp-content\/uploads\/2025\/07\/siniat-defendex-2-169x300.jpg 169w, https:\/\/mocnydom.pl\/wp-content\/uploads\/2025\/07\/siniat-defendex-2-576x1024.jpg 576w, https:\/\/mocnydom.pl\/wp-content\/uploads\/2025\/07\/siniat-defendex-2-864x1536.jpg 864w, https:\/\/mocnydom.pl\/wp-content\/uploads\/2025\/07\/siniat-defendex-2.jpg 1148w\" sizes=\"(max-width: 768px) 100vw, 768px\" \/>\t\t\t\t\t\t\t\t\t\t\t\t\t\t\t<\/div>\n\t\t\t\t<\/div>\n\t\t\t\t<\/div>\n\t\t\t\t\t<\/div>\n\t\t\t\t<\/div>\n\t\t<div class=\"elementor-element elementor-element-4d64908 e-flex e-con-boxed e-con e-parent\" data-id=\"4d64908\" data-element_type=\"container\" data-e-type=\"container\" data-settings=\"{&quot;background_background&quot;:&quot;classic&quot;}\">\n\t\t\t\t\t<div class=\"e-con-inner\">\n\t\t\t\t<div class=\"elementor-element elementor-element-ccb4cbc elementor-align-center elementor-widget elementor-widget-button\" data-id=\"ccb4cbc\" data-element_type=\"widget\" data-e-type=\"widget\" data-widget_type=\"button.default\">\n\t\t\t\t<div class=\"elementor-widget-container\">\n\t\t\t\t\t\t\t\t\t<div class=\"elementor-button-wrapper\">\n\t\t\t\t\t<a class=\"elementor-button elementor-button-link elementor-size-sm\" href=\"https:\/\/mocnydom.pl\/index.php\/murowana\/\">\n\t\t\t\t\t\t<span class=\"elementor-button-content-wrapper\">\n\t\t\t\t\t\t<span class=\"elementor-button-icon\">\n\t\t\t\t<svg aria-hidden=\"true\" class=\"e-font-icon-svg e-fas-arrow-right\" viewBox=\"0 0 448 512\" xmlns=\"http:\/\/www.w3.org\/2000\/svg\"><path d=\"M190.5 66.9l22.2-22.2c9.4-9.4 24.6-9.4 33.9 0L441 239c9.4 9.4 9.4 24.6 0 33.9L246.6 467.3c-9.4 9.4-24.6 9.4-33.9 0l-22.2-22.2c-9.5-9.5-9.3-25 .4-34.3L311.4 296H24c-13.3 0-24-10.7-24-24v-32c0-13.3 10.7-24 24-24h287.4L190.9 101.2c-9.8-9.3-10-24.8-.4-34.3z\"><\/path><\/svg>\t\t\t<\/span>\n\t\t\t\t\t\t\t\t\t<span class=\"elementor-button-text\">technologia murowana<\/span>\n\t\t\t\t\t<\/span>\n\t\t\t\t\t<\/a>\n\t\t\t\t<\/div>\n\t\t\t\t\t\t\t\t<\/div>\n\t\t\t\t<\/div>\n\t\t\t\t\t<\/div>\n\t\t\t\t<\/div>\n\t\t\t\t<\/div>\n\t\t","protected":false},"excerpt":{"rendered":"<p>Drewno C24 &#8211; kt\u00f3re przetrwa pokolenia W naszych realizacjach wykorzystujemy wy\u0142\u0105cznie\u00a0drewno skandynawskie o klasie wytrzyma\u0142o\u015bci C24. Dlaczego w\u0142a\u015bnie to? Drewno [&hellip;]<\/p>\n","protected":false},"author":1,"featured_media":0,"parent":0,"menu_order":0,"comment_status":"closed","ping_status":"closed","template":"","meta":{"site-sidebar-layout":"no-sidebar","site-content-layout":"","ast-site-content-layout":"full-width-container","site-content-style":"default","site-sidebar-style":"default","ast-global-header-display":"","ast-banner-title-visibility":"","ast-main-header-display":"","ast-hfb-above-header-display":"","ast-hfb-below-header-display":"","ast-hfb-mobile-header-display":"","site-post-title":"disabled","ast-breadcrumbs-content":"","ast-featured-img":"disabled","footer-sml-layout":"","ast-disable-related-posts":"","theme-transparent-header-meta":"","adv-header-id-meta":"","stick-header-meta":"","header-above-stick-meta":"","header-main-stick-meta":"","header-below-stick-meta":"","astra-migrate-meta-layouts":"default","ast-page-background-enabled":"default","ast-page-background-meta":{"desktop":{"background-color":"var(--ast-global-color-5)","background-image":"","background-repeat":"repeat","background-position":"center center","background-size":"auto","background-attachment":"scroll","background-type":"","background-media":"","overlay-type":"","overlay-color":"","overlay-opacity":"","overlay-gradient":""},"tablet":{"background-color":"","background-image":"","background-repeat":"repeat","background-position":"center center","background-size":"auto","background-attachment":"scroll","background-type":"","background-media":"","overlay-type":"","overlay-color":"","overlay-opacity":"","overlay-gradient":""},"mobile":{"background-color":"","background-image":"","background-repeat":"repeat","background-position":"center center","background-size":"auto","background-attachment":"scroll","background-type":"","background-media":"","overlay-type":"","overlay-color":"","overlay-opacity":"","overlay-gradient":""}},"ast-content-background-meta":{"desktop":{"background-color":"var(--ast-global-color-4)","background-image":"","background-repeat":"repeat","background-position":"center center","background-size":"auto","background-attachment":"scroll","background-type":"","background-media":"","overlay-type":"","overlay-color":"","overlay-opacity":"","overlay-gradient":""},"tablet":{"background-color":"var(--ast-global-color-4)","background-image":"","background-repeat":"repeat","background-position":"center center","background-size":"auto","background-attachment":"scroll","background-type":"","background-media":"","overlay-type":"","overlay-color":"","overlay-opacity":"","overlay-gradient":""},"mobile":{"background-color":"var(--ast-global-color-4)","background-image":"","background-repeat":"repeat","background-position":"center center","background-size":"auto","background-attachment":"scroll","background-type":"","background-media":"","overlay-type":"","overlay-color":"","overlay-opacity":"","overlay-gradient":""}},"footnotes":""},"class_list":["post-78","page","type-page","status-publish","hentry"],"_links":{"self":[{"href":"https:\/\/mocnydom.pl\/index.php\/wp-json\/wp\/v2\/pages\/78","targetHints":{"allow":["GET"]}}],"collection":[{"href":"https:\/\/mocnydom.pl\/index.php\/wp-json\/wp\/v2\/pages"}],"about":[{"href":"https:\/\/mocnydom.pl\/index.php\/wp-json\/wp\/v2\/types\/page"}],"author":[{"embeddable":true,"href":"https:\/\/mocnydom.pl\/index.php\/wp-json\/wp\/v2\/users\/1"}],"replies":[{"embeddable":true,"href":"https:\/\/mocnydom.pl\/index.php\/wp-json\/wp\/v2\/comments?post=78"}],"version-history":[{"count":34,"href":"https:\/\/mocnydom.pl\/index.php\/wp-json\/wp\/v2\/pages\/78\/revisions"}],"predecessor-version":[{"id":1553,"href":"https:\/\/mocnydom.pl\/index.php\/wp-json\/wp\/v2\/pages\/78\/revisions\/1553"}],"wp:attachment":[{"href":"https:\/\/mocnydom.pl\/index.php\/wp-json\/wp\/v2\/media?parent=78"}],"curies":[{"name":"wp","href":"https:\/\/api.w.org\/{rel}","templated":true}]}}